erivative of -k**2/2 + 11*k + 34. Calculate u(b).
2
Let w(d) = d**3 - 4*d**2 + 4*d + 6. Suppose 991*c + 115 = 1014*c. Determine w(c).
51
Suppose -31 = -7*m + 11. Suppose -m = 2*j - 12. Suppose -v - 10 = -j*v. Let l(z) = z**2 - 3*z. Calculate l(v).
10
Suppose -47 = -70*a + 233. Let h(y) = -3*y**2 + 8*y + 6. What is h(a)?
-10
Let p(i) = -14*i**3 + 25*i**2 + 27*i - 19. Let g(k) = -5*k**3 + 9*k**2 + 10*k - 7. Let b(m) = -11*g(m) + 4*p(m). Let x = 10 + -13. Let d = x + 4. Give b(d).
-1
Let m be 2/(-4) + (-143)/22. Let r be ((-14)/21 - 14/(-3))/(-2). Let g(l) = -l - 1. Let c(d) = 4*d + 4. Let j(q) = r*c(q) - 9*g(q). Calculate j(m).
-6
Let l(u) = -u**2 - 20*u - 76. Let r = 20642 + -20657. Determine l(r).
-1
Let y(b) = -b**3 - 7*b**2 + b + 10. Let l be y(-7). Suppose 55 = 5*x + 5*m, 4*x - 64 = l*m - 2*m. Suppose -f - x = 2*f. Let g(k) = -k + 3. Calculate g(f).
8
Let b(l) be the second derivative of -l**7/1260 + l**6/240 + l**5/120 + l**4/12 + l**3/2 - 2*l + 40. Let m(k) be the third derivative of b(k). What is m(-3)?
-26
Suppose -13*n - 4184 = -180. Let z = 309 + n. Let h(d) = 3*d + 11*d**3 + d**2 - 3*d. Give h(z).
12
Let c(u) = u**3 + 4*u**2 - 5*u - 6. Let i(v) be the second derivative of v**3/6 + 11*v**2/2 + 4*v. Let k be i(-6). Suppose k = -x + 1. Calculate c(x).
14
Let m(l) = 361*l - 753*l + 27 + 387*l - 11*l**2 + l**3. Calculate m(11).
-28
Let y = -612 - -662. Let q(k) = -k**2 + 48*k + 111. Let t be q(y). Let u(o) = -o - 1. Give u(t).
-12
Let u(o) = 7*o**3 - o**2 + 2*o - 1. Let v(y) = -y**2 - 29*y + 100. Let p be v(-23). Let k = -237 + p. Calculate u(k).
7
Let k = 2510 + -2507. Let i(m) be the third derivative of -m**5/30 + 7*m**4/24 - 6*m**2. What is i(k)?
3
Let j = -45 - -59. Suppose q = s - 2, 5*q + 6*s = 3*s + j. Let b(p) = -q + 2*p + 3*p**2 + 3 - 4 + 3. Calculate b(-1).
2
Let q(b) = 269*b - 287*b - 18*b**2 - 21 - 19*b**2 + 2*b**3. What is q(19)?
-2
Suppose -o - 14 = 4*h - 2*h, -4*o = -3*h + 1. Let p(s) = -16*s - 67. What is p(o)?
-3
Suppose 8*o - 5*o - 84 = 0. Suppose -11*r = -7*r - o. Let u(t) = r - 6 + 13*t - t**3 + 0*t**3 + 6 - 11*t**2. Calculate u(-12).
-5
Let g be (-5)/(-102) - (-20)/170. Let w(i) be the third derivative of 0 + 1/12*i**4 - 13*i**2 - g*i**3 + 0*i. Give w(-3).
-7
Let y(a) = a**2 - 6*a - 1. Let s = -150 + 152. Let t be 60/210*1*7*s. What is y(t)?
-9
Let c(u) = -11*u**2 + 7*u - 1. Let t(p) = -9*p**2 + 4*p - 1. Let d(f) = -4*c(f) + 5*t(f). Calculate d(-5).
14
Let p(r) = r**3 - 16*r**2 + 53*r + 18. Let y = 19366 - 19355. What is p(y)?
-4
Suppose 307 = 79*d - 88. Let z(a) be the first derivative of a**2 - 4*a + 3. What is z(d)?
6
Let w(h) = -8*h + 12*h + 12 + 7*h - h**3 - 9*h**2. Let u be w(-10). Let k(m) = -2 - 1 + 0*m + 9*m - 2*m. Determine k(u).
11
Let w = -47 - -104. Let m(c) = 3 - 62*c - c**2 + 0 - w*c + 127*c. Let l be -6*((-25)/30 - 0). Determine m(l).
18
Let o be 3*(3 - 28/12 - 0). Suppose 0 = -4*y + h + 59, o*y + 5*h + 29 = 3*y. Suppose -57 = -y*z + 55. Let q(i) = i**2 - 7*i - 7. What is q(z)?
1
Let p(f) = 2*f + 3. Let h(a) = 3*a + 5. Let m(d) = -3*h(d) + 5*p(d). Let x(c) = -c**2 - c - 1. Let n(r) = 2*m(r) - x(r). Give n(-3).
1
Suppose 4*h = 3*u + u + 16, -u = 0. Let v(t) be the second derivative of t**5/20 - t**4/2 + 2*t**3/3 + t**2 + 50*t. What is v(h)?
-14
Let a(v) = -3*v - 2. Let x(l) = -10*l - 5. Suppose -5*n = -2*n - 21. Let u(z) = n*a(z) - 2*x(z). Give u(2).
-6
Let f(v) be the second derivative of 1/6*v**3 + 0 + 64*v + 1/2*v**2. Determine f(3).
4
Let q(t) = -t**2 - t + 6. Let p(m) = -m**2 + 2 - 16*m - 5*m - 22. Let s = 14283 + -14303. Let l be p(s). Calculate q(l).
6
Let w(z) = 2*z**2 - 13*z - 22. Let s be w(11). Let a be (-22)/s + (-122)/14. Let j = a - -7. Let n(h) = h**3 - 2*h**2 - 2*h. Calculate n(j).
-12
Let m(t) be the first derivative of -t**3/3 + t**2/2 - 25*t + 4855. What is m(12)?
-157
Let b(g) = g**2 + g + 1. Let z(x) = 8*x + 2101*x**2 - 7 - 2*x - 2099*x**2. Let h be z(2). Suppose h*i = 11*i. What is b(i)?
1
Let m(w) = -w + 9. Suppose 89*c - 87*c - 14 = 0. Suppose -35 = -c*h + 28. Determine m(h).
0
Let c(k) be the third derivative of k**5/60 + 3*k**4/8 - 13*k**3/3 - 610*k**2. Determine c(-10).
-16
Let r(a) = -10*a - 66. Let w be (-2)/(-6)*-2*(11 - 2). Let u be r(w). Let d(s) = -2*s - 9. What is d(u)?
3
Let d be -7 + 15 + (22/(-121) - 20/11). Let t(x) = x**3 - 8*x**2 + 9*x - 21. Calculate t(d).
-39
Let k(x) = x**3 + 41*x**2 - 41*x + 43. Let d = 5504 - 5546. Calculate k(d).
1
Let p(u) be the first derivative of 3*u**2 + 214 - 6*u - 1/3*u**3. What is p(3)?
3
Let v(n) = 13*n**2 + 36*n + 15. Let c(z) = -36*z**2 - 105*z - 44. Let a(k) = -3*c(k) - 8*v(k). What is a(-6)?
-6
Let i be ((-7)/5 + 1)*-5. Let s be ((-247)/(-65) - 4)*-50. Let d(l) = s*l**i - 4*l - l - l**3 - 2*l - 16*l**2. Determine d(-5).
10
Let x(s) = -s + 9. Suppose 5*r - 2*r = 4*j + 42, 5*r = -5*j + 35. Let g be (2 + (-65)/r)*-2. What is x(g)?
0
Let t(o) = 12*o**3 - 47*o**2 - 14*o + 13. Let y(k) = 7*k**3 - 28*k**2 - 8*k + 8. Let x(d) = 10*t(d) - 17*y(d). Let a be ((-4)/(-6))/((-2)/18). Give x(a).
18
Let a(z) = 7*z**2 + 15*z + 9. Let w(b) = 3*b**2 + 7*b + 4. Let l(v) = -4*a(v) + 9*w(v). Suppose 9*f + 63 = 108. What is l(f)?
-10
Let d(f) = -3*f**3 - 51*f**2 - 33*f - 49. Let s(a) = 2*a**3 + 39*a**2 + 33*a + 49. Let o(w) = -3*d(w) - 4*s(w). Give o(8).
7
Suppose 0 = 50*g - 50 - 92 - 8. Let p(s) = -7*s**2 - 4*s - 10. Let c(l) = 4*l**2 + 2*l + 5. Let o(r) = -5*c(r) - 3*p(r). Determine o(g).
20
Let d = -36 - -132. Let y = d + -110. Let f be (-200)/(-140)*y/(-2). Let t(u) = u**3 - 11*u**2 + 10*u + 8. What is t(f)?
8
Let f be (11 - 3)*(-1 - 12/(-8)). Let z(g) = -1 - 23*g + 13*g**2 + 7 - 9*g**2 + 20*g - g**3. Calculate z(f).
-6
Let v = 47 - 45. Let z be (24/20)/(v/5). Let y(q) = 4*q**z + 0 - 2*q**3 - q**3 - q + 6. What is y(0)?
6
Let x(b) = 7*b - 1. Let v = -744 - -744. Calculate x(v).
-1
Let k(v) be the first derivative of -v**3/3 + 2*v + 4258. Let i be 2/5 - (-36)/10. Calculate k(i).
-14
Let b(v) = -v**3 + v**2 + 3*v + 2. Let g(h) = 65*h - 521. Let c be g(8). What is b(c)?
1
Let g(c) be the second derivative of -c**5/40 + c**4/12 + 7*c**3/6 + 3*c**2/2 + 19*c. Let w(p) be the second derivative of g(p). Give w(-4).
14
Suppose x - 2 = 0, 5*h + 4*x + 15 = 38. Let o(w) = -h*w + 2*w + 2 - 135*w**3 - 4*w**2 - 2*w + 134*w**3. Calculate o(-3).
2
Let p be (-1757)/(-502) + (-27)/(-6). Let q(k) = 2*k + 12. Let j(i) = i + 12. Let x(a) = -3*j(a) + 2*q(a). Calculate x(p).
-4
Let k(v) = -3*v + 5. Let j(i) be the second derivative of i**5/20 + i**4/3 + i**3/2 + 3*i**2/2 + i. Suppose -x = -14 + 16. Let m be j(x). Give k(m).
-10
Let n be 2/4 - (-55)/22. Let b(h) = -h**2 + 977198 - 3*h - 977198. Determine b(n).
-18
Suppose -4*a + 11 = -2*a + 5*o, 3*a + 11 = -2*o. Let l(m) = 4*m**2 + 65*m. Let y(b) = -5*b**2 - 93*b - 1. Let h(j) = 3*l(j) + 2*y(j). Determine h(a).
33
Let m(t) be the second derivative of t**4/12 - 11*t**3/6 - 9*t**2/2 + 889*t. What is m(12)?
3
Let i(p) = 2*p**3 + 24*p**2 - 3*p - 34. Let n be i(-12). Let v = 11 - 4. Let k(z) = -z - 20. Let t(g) = 4*g + 61. Let l(w) = n*t(w) + v*k(w). What is l(0)?
-18
Let o(c) = -104*c**2 + 2*c + 3. Suppose 4*v - 4 = 4*a, -v - 5 - 3 = 8*a. Give o(a).
-103
Suppose -34*t - g = -32*t - 17, 3*t - 26 = -2*g. Let u(w) = w**3 - 7*w**2 + 7*w - 119. Give u(t).
1
Let f(r) = 4*r - 6. Let u = 4029 + -4021. Determine f(u).
26
Let j(l) = -l - 4 - l**3 + 3*l**2 + 2*l**2 + 0*l. Let u = -138 + 55. Let w = 87 + u. Determine j(w).
8
Let s = 1322 + -1311. Let h(b) = -b**2 - 12*b - 4. Let p(g) = -37*g + g**2 + 3 - 19 - 5*g**2 + 4. Let j(u) = 7*h(u) - 2*p(u). Calculate j(s).
7
Suppose 1108 = 3*l + q, -q + 226 = -3*l + 1332. Let p = -363 + l. Let f(d) = 2*d - 4. Calculate f(p).
8
Let k be 63/6 + 10570/(-2940) + (-4)/(-42). Let v(d) = 2*d + 11. Let f(y) = -y - 10. Let r(o) = 3*f(o) + 2*v(o). Give r(k).
-1
Let i(x) = 29*x + 104. Let r(k) = 39*k**2 + 549*k + 38. Let o be r(-14). Determine i(o).
-12
Let t = -10 + 14. Let x(d) = 5*d**3 + 7*d**2 - 3*d - 13. Let b(r) = -r**3 - 2*r**2 + r + 3. Let s = -194 - -196. Let n(q) = s*x(q) + 9*b(q). Calculate n(t).
13
Let n(w) = -36. Let x(l) = 10*l - 176. Let y(q) = 6*n(q) - x(q). Determine y(-9).
50
Let b(u) be the second derivative of u**7/840 + 7*u**6/360 + u**5/60 + 5*u**4/24 - u**3/3 + u - 1. Let l(s) be